{"version":"1.0","provider_name":"Sibiz d.o.o.","provider_url":"https:\/\/sibiz.eu\/tr\/","title":"Slovenya ulusal bayram\u0131, 8 \u015eubat - Sibiz d.o.o.","type":"rich","width":600,"height":338,"html":"<blockquote class=\"wp-embedded-content\" data-secret=\"n3RfjSjHAx\"><a href=\"https:\/\/sibiz.eu\/tr\/slovenya-ulusal-bayrami-8-subat\/\">Slovenya ulusal bayram\u0131, 8 \u015eubat<\/a><\/blockquote><iframe sandbox=\"allow-scripts\" security=\"restricted\" src=\"https:\/\/sibiz.eu\/tr\/slovenya-ulusal-bayrami-8-subat\/embed\/#?secret=n3RfjSjHAx\" width=\"600\" height=\"338\" title=\"&#8220;Slovenya ulusal bayram\u0131, 8 \u015eubat&#8221; &#8212; Sibiz d.o.o.\" data-secret=\"n3RfjSjHAx\" frameborder=\"0\" marginwidth=\"0\" marginheight=\"0\" scrolling=\"no\" class=\"wp-embedded-content\"><\/iframe><script type=\"text\/javascript\">\n\/* <![CDATA[ *\/\n\/*! This file is auto-generated *\/\n!function(d,l){\"use strict\";l.querySelector&&d.addEventListener&&\"undefined\"!=typeof URL&&(d.wp=d.wp||{},d.wp.receiveEmbedMessage||(d.wp.receiveEmbedMessage=function(e){var t=e.data;if((t||t.secret||t.message||t.value)&&!\/[^a-zA-Z0-9]\/.test(t.secret)){for(var s,r,n,a=l.querySelectorAll('iframe[data-secret=\"'+t.secret+'\"]'),o=l.querySelectorAll('blockquote[data-secret=\"'+t.secret+'\"]'),c=new RegExp(\"^https?:$\",\"i\"),i=0;i<o.length;i++)o[i].style.display=\"none\";for(i=0;i<a.length;i++)s=a[i],e.source===s.contentWindow&&(s.removeAttribute(\"style\"),\"height\"===t.message?(1e3<(r=parseInt(t.value,10))?r=1e3:~~r<200&&(r=200),s.height=r):\"link\"===t.message&&(r=new URL(s.getAttribute(\"src\")),n=new URL(t.value),c.test(n.protocol))&&n.host===r.host&&l.activeElement===s&&(d.top.location.href=t.value))}},d.addEventListener(\"message\",d.wp.receiveEmbedMessage,!1),l.addEventListener(\"DOMContentLoaded\",function(){for(var e,t,s=l.querySelectorAll(\"iframe.wp-embedded-content\"),r=0;r<s.length;r++)(t=(e=s[r]).getAttribute(\"data-secret\"))||(t=Math.random().toString(36).substring(2,12),e.src+=\"#?secret=\"+t,e.setAttribute(\"data-secret\",t)),e.contentWindow.postMessage({message:\"ready\",secret:t},\"*\")},!1)))}(window,document);\n\/\/# sourceURL=https:\/\/sibiz.eu\/wp-includes\/js\/wp-embed.min.js\n\/* ]]> *\/\n<\/script>\n","thumbnail_url":"https:\/\/sibiz.eu\/wp-content\/uploads\/2019\/02\/france-preseren-ivancna-gorica.si_-1.jpg","thumbnail_width":500,"thumbnail_height":213,"description":"Slovenya&#8217;n\u0131n k\u00fclt\u00fcrel bayram\u0131 olan Pre\u0161eren g\u00fcn\u00fc 8 \u015eubat&#8217;ta kutlanmaktad\u0131r. Bu g\u00fcn 1849 y\u0131l\u0131nda Slovenya&#8217;n\u0131n en b\u00fcy\u00fck \u015fairi France Pre\u0161eren \u00f6ld\u00fc. \u015eair, Sloven \u015fiirine ve onun d\u00fcnyada tan\u0131nmas\u0131na b\u00fcy\u00fck katk\u0131 sa\u011flam\u0131\u015ft\u0131r. Onun ola\u011fan\u00fcst\u00fc yarat\u0131c\u0131 ba\u015far\u0131lar\u0131 Romantizm ile ilgilidir. \u00c7ok \u00f6nemli bir ki\u015fiydi; bu nedenle an\u0131tlar\u0131 \u00fclkenin her yerinde bulunmaktad\u0131r. En \u00fcnl\u00fcs\u00fc Ljubljana&#8217;daki Pre\u0161eren Meydan\u0131&#8217;nda duran ve [&hellip;]"}

Slovenya ulusal bayramı, 8 Şubat - Sibiz d.o.o.

<blockquote class="wp-embedded-content" data-secret="n3RfjSjHAx"><a href="https://sibiz.eu/tr/slovenya-ulusal-bayrami-8-subat/">Slovenya ulusal bayramı, 8 Şubat</a></blockquote><iframe sandbox="allow-scripts" security="restricted" src="https://sibiz.eu/tr/slovenya-ulusal-bayrami-8-subat/embed/#?secret=n3RfjSjHAx" width="600" height="338" title="&#8220;Slovenya ulusal bayramı, 8 Şubat&#8221; &#8212; Sibiz d.o.o." data-secret="n3RfjSjHAx" frameborder="0" marginwidth="0" marginheight="0" scrolling="no" class="wp-embedded-content"></iframe><script type="text/javascript">
/* <![CDATA[ */
/*! This file is auto-generated */
!function(d,l){"use strict";l.querySelector&&d.addEventListener&&"undefined"!=typeof URL&&(d.wp=d.wp||{},d.wp.receiveEmbedMessage||(d.wp.receiveEmbedMessage=function(e){var t=e.data;if((t||t.secret||t.message||t.value)&&!/[^a-zA-Z0-9]/.test(t.secret)){for(var s,r,n,a=l.querySelectorAll('iframe[data-secret="'+t.secret+'"]'),o=l.querySelectorAll('blockquote[data-secret="'+t.secret+'"]'),c=new RegExp("^https?:$","i"),i=0;i<o.length;i++)o[i].style.display="none";for(i=0;i<a.length;i++)s=a[i],e.source===s.contentWindow&&(s.removeAttribute("style"),"height"===t.message?(1e3<(r=parseInt(t.value,10))?r=1e3:~~r<200&&(r=200),s.height=r):"link"===t.message&&(r=new URL(s.getAttribute("src")),n=new URL(t.value),c.test(n.protocol))&&n.host===r.host&&l.activeElement===s&&(d.top.location.href=t.value))}},d.addEventListener("message",d.wp.receiveEmbedMessage,!1),l.addEventListener("DOMContentLoaded",function(){for(var e,t,s=l.querySelectorAll("iframe.wp-embedded-content"),r=0;r<s.length;r++)(t=(e=s[r]).getAttribute("data-secret"))||(t=Math.random().toString(36).substring(2,12),e.src+="#?secret="+t,e.setAttribute("data-secret",t)),e.contentWindow.postMessage({message:"ready",secret:t},"*")},!1)))}(window,document);
//# sourceURL=https://sibiz.eu/wp-includes/js/wp-embed.min.js
/* ]]> */
</script>

Slovenya&#8217;nın kültürel bayramı olan Prešeren günü 8 Şubat&#8217;ta kutlanmaktadır. Bu gün 1849 yılında Slovenya&#8217;nın en büyük şairi France Prešeren öldü. Şair, Sloven şiirine ve onun dünyada tanınmasına büyük katkı sağlamıştır. Onun olağanüstü yaratıcı başarıları Romantizm ile ilgilidir. Çok önemli bir kişiydi; bu nedenle anıtları ülkenin her yerinde bulunmaktadır. En ünlüsü Ljubljana&#8217;daki Prešeren Meydanı&#8217;nda duran ve [&hellip;]
